0*f + 1488 = 12*f. What is the tens digit of f?
2
Let g(k) = -k**3 + 5*k**2 + 4. Let l be g(5). Let d(n) = -n**3 - 2*n**2 + 3*n - 5. Let u be d(-4). Suppose a - u = -l*a. What is the units digit of a?
3
Let h(j) = -8*j + 2. Let g be h(-6). Let n = -35 + g. What is the tens digit of n?
1
Let t be (2*2)/((-4)/(-10)). Let s be t/(-25) + (-27)/(-5). Suppose s*c = 12 + 23. What is the units digit of c?
7
Let m = -48 - -86. What is the units digit of m?
8
Let s = 37 + -13. What is the units digit of s?
4
Let j = 588 - 348. What is the units digit of j?
0
Suppose -3*f + 8*f - 115 = 0. What is the tens digit of f?
2
Suppose -4*k + 65 = 2*i - 3*k, -3*k - 157 = -5*i. What is the units digit of i?
2
Let l(o) be the second derivative of -o**3/3 + o**2 - o. What is the units digit of l(-2)?
6
Let h(u) = u**3 - 12*u**2 - 11*u + 7. What is the units digit of h(13)?
3
Let m(d) = -d**3 + 7*d**2 + 8*d + 5. Let o be m(8). Suppose 7*n + q = 2*n + 248, -o*n - 5*q = -260. What is the tens digit of n?
4
Let k = -113 + 204. What is the units digit of k?
1
Let i = -7 + 11. Suppose -2*y = 5*w - 20, -9 = 3*w - i*y + 5. What is the units digit of w?
2
Suppose -4*r = -2*r - 162. Suppose 0 = -0*g + 3*g - r. What is the units digit of g?
7
Suppose -2*j + 0 = -2. Let y(h) = h**3 + h**2 - h - 1. Let b(k) = 7*k**3 + 14*k**2. Let x(l) = j*b(l) - 6*y(l). What is the tens digit of x(-7)?
1
Let v(s) = 3*s**3 + s**3 + 0 + 2*s**2 + 3 + 4*s. Let m(g) = -5*g**3 - g**2 - 5*g - 2. Let j(y) = 3*m(y) + 4*v(y). What is the units digit of j(-5)?
1
Let h = 0 - -26. What is the tens digit of h?
2
Let t = 45 - 75. Let q = 49 + t. What is the units digit of q?
9
Suppose -3*r = -8*r. Suppose -4*u = -r*u + 3*m - 46, -m + 63 = 5*u. What is the units digit of (u/3)/((-8)/(-24))?
3
What is the tens digit of 1052/(-6)*(-6)/4?
6
Suppose c - 40 + 16 = 0. Suppose 4*t - 2*t = c. What is the units digit of (6/(-4))/((-2)/t)?
9
Let s(n) = -n**2 + 5*n - 3. Let m be s(3). Suppose -m*w + 20 = b, -3*w = -4*b - 4 + 84. What is the tens digit of b?
2
Let r(h) = -10*h - 24. What is the units digit of r(-12)?
6
Suppose 3*i - 114 = -2*j, -i + 106 = -0*j + 2*j. What is the units digit of j?
1
Let j = -1 + 0. Let h be (-16)/(-2) + j + -2. Suppose 5*v = -5*g + g + 62, -h*g - 4*v = -82. What is the tens digit of g?
1
Suppose z - 3*w + 15 = 0, z = -z - 4*w - 10. Let i be (-4)/18 + (-2)/z. Suppose n + i = 10. What is the tens digit of n?
1
Let h(c) = -c**2 + 9*c - 4. Let y be h(4). Suppose -4*q + 16 + y = 0. What is the units digit of q?
8
Let h(j) = j + 8. Let s be h(0). Let z be s/(-10)*(-60)/8. Suppose z*x + n = 2*x + 16, 5*x - 5*n = 45. What is the units digit of x?
5
Let h = 3 + 0. Suppose 0 = g - h*g + 6. Suppose -3*v - 4*z + 26 = 0, -2*v - g*z + 23 = 2*v. What is the units digit of v?
2
Let x(y) = 26*y**2 - y + 2. What is the hundreds digit of x(-2)?
1
Let f be 1*9/(-12)*4. What is the tens digit of f - (-2 + 14*-1)?
1
Let b = -5 - -7. Suppose 2*f = -2*z - f + 6, 2*z - 14 = -f. Let u = z + b. What is the tens digit of u?
1
Suppose 4 = -j + s, 6*j + 4*s = j - 20. Let i be 34/(-8) + (2 - 35/20). What is the tens digit of j/8 - 58/i?
1
Suppose o = 3*o - 5*p - 173, 3*p = -3*o + 249. What is the units digit of o?
4
Suppose 5*s - s - 844 = 0. What is the units digit of s?
1
Let p(f) = -12*f - 9. What is the units digit of p(-7)?
5
Let m = 33 + 16. What is the tens digit of m?
4
Suppose -5*u + 10 = c + 4*c, -5*c + 4*u + 19 = 0. Suppose 0 = -c*i - 5*v + 89, 3*i - v = i + 42. What is the units digit of i?
3
Suppose -15*w = -16*w + 66. What is the tens digit of w?
6
Let x = 173 + -82. What is the tens digit of x?
9
Let i(p) = -7*p**2 - 3*p + 5. Let s(y) = 3*y**2 + y - 2. Let q(l) = 2*i(l) + 5*s(l). Let a be q(0). Suppose -2*j - 2 + 10 = a. What is the units digit of j?
4
Suppose 27 = -4*r + 71. What is the tens digit of r?
1
What is the units digit of (-10656)/(-40) - (-2)/(-5)?
6
What is the units digit of 12/(20/(-8) - -4)?
8
Let w(p) = p + 2. Let a(c) = -c**2 + 5*c - 6. Let h be a(4). Let y be w(h). Suppose y = -v - v + 32. What is the units digit of v?
6
Suppose -191 = -3*v - 2*b, 39 = v - 5*b - 36. Let p = -46 + v. Suppose -4*f + p = -29. What is the tens digit of f?
1
Suppose 5*k + v + 22 = -2, -20 = 4*k + v. Let b = k + 6. What is the units digit of b?
2
Suppose -96 - 64 = -8*q. What is the tens digit of q?
2
What is the hundreds digit of 3*((-172)/(-3) + 5)?
1
Suppose 2*i + 154 = 4*o, 2*i - 27 = -5*o + 170. What is the tens digit of o?
3
Suppose -4*m + 4*c = -72, 2*c + 16 + 6 = m. Suppose -5*q + m = -86. Let i = q - 6. What is the tens digit of i?
1
Suppose -2*f - 39 = -255. What is the units digit of f?
8
What is the units digit of 5*(2 - (-2)/(-10))?
9
Let m = 12 + -5. What is the units digit of m?
7
Let a(o) = -o**2 - 4 + 3*o**2 + 6. Let j be a(2). Let f = j - 6. What is the units digit of f?
4
Suppose 0 = -3*b + 73 + 83. What is the units digit of b?
2
Suppose 4*a = -s + 40, -49 = -4*s + 2*a + 75. What is the tens digit of s?
3
What is the units digit of 4/((-8)/(-190)) - -4?
9
Let t = -1 - 0. Let j(y) be the third derivative of 7*y**5/60 + y**4/24 + 6*y**2. What is the units digit of j(t)?
6
Let x(c) = c**3 + c**2 + 2. Let o be x(0). Suppose 0 = f - 2*f + o. What is the units digit of f?
2
Suppose 5*w + 3*z + 1636 = -0*w, -3*z + 9 = 0. What is the tens digit of w/(-28) + 1/4?
1
Let h be 6/12*0/1. Suppose 0*b + 4*b - 3*f - 154 = h, 2*b + f = 72. What is the tens digit of b?
3
Suppose -3*f + 109 - 37 = 0. Suppose -s - 3*y = -4*s + f, -2*s - 4*y = 14. What is the units digit of s?
3
Let b(p) = p**2 + 3*p + 11. What is the units digit of b(-8)?
1
Let c = -41 + 73. What is the tens digit of c?
3
Suppose 2*l + 2 - 10 = 0. Suppose -3*a - 91 = -5*f, -l*a + a - 40 = -2*f. What is the tens digit of f?
1
Let u(x) = 6*x - 10. Suppose -4*s = -1 - 23. What is the units digit of u(s)?
6
Suppose -2*j + g = -5*j + 1171, -4*j + 2*g = -1558. What is the hundreds digit of j?
3
Let m(n) = -8*n - 7*n**2 + 10*n - 11 + 3*n - n**3. What is the tens digit of m(-8)?
1
Let k(m) = m**2 - 2*m + 3. What is the units digit of k(7)?
8
Let t = -4 - -8. Suppose 7 = t*y - 9. What is the units digit of 3/(-6) - (-18)/y?
4
Let c(f) = -f**2 - 5*f + 8. Let a be c(-6). Suppose 60 = 4*q + a*s, -3*q + 43 = 3*s - 2*s. What is the tens digit of q?
1
Let h(n) = 4*n**2 + 1. Let g be h(1). Let k = 10 - 5. Suppose k*q = -4*f + 6*q + 9, g*q = f - 26. What is the units digit of f?
1
Let q be 3*56/(-1 + 5). Suppose -3*o + 12 = 0, 5*c = 3*c - 5*o + q. What is the tens digit of c?
1
Suppose -y = -4*m + 572, -2*m + 3*y = -149 - 147. What is the units digit of m?
2
Let g(y) = -y**2 + 6*y - 7. Let m(a) = -a**2 + 6*a - 6. Let i(d) = -4*g(d) + 5*m(d). Suppose 3*z + 2*o + 2 = 5*z, 12 = 3*o. What is the units digit of i(z)?
3
Suppose 5*d - 3 = 3*s, 5 = -0*d - 4*d - 5*s. Suppose d = -2*m - 0*m + 60. What is the tens digit of m?
3
Let b(o) = o**3 - 7*o**2 + 9*o - 6. Let n be b(6). Let d = -1 + n. What is the units digit of d?
1
Let d(i) = -i**3 + 17*i**2 - 14*i + 7. What is the tens digit of d(16)?
3
Suppose -60 = -4*s - 2*s. What is the tens digit of s?
1
Let h(b) = -b**3 + b**2 + 2*b - 1. Let f(n) = 3*n**3 - n**2 - 4*n + 2. Let g(a) = -2*f(a) - 5*h(a). Let d be g(-2). What is the units digit of d - 0 - (0 + 0)?
1
Suppose -7*n - 1 = -8. What is the units digit of n?
1
Let h = -27 - -95. What is the tens digit of h?
6
Let y = -5 + 11. Let s = y - 5. Suppose 53 = 4*u + s. What is the tens digit of u?
1
Let p(c) = -c**2 + c + 5. Let a be p(-4). Let g = a + 22. What is the units digit of g?
7
Let o = -13 + -2. Let u = o + 22. Suppose -2*t - u + 27 = 0. What is the units digit of t?
0
Let j(n) = n**3 + 10*n**2 - 16*n - 22. What is the tens digit of j(-10)?
3
Let z(n) = -n - 7. Let f = -33 + 23. Let w be z(f). Suppose -22 = -w*s - 4. What is the units digit of s?
6
Let w(t) = -4*t - 2. Let h(x) = x**2 + 6*x + 5. Let d be h(-5). Suppose d*a = -2*a - 4. What is the units digit of w(a)?
6
Let w = -26 + 39. Let p = 19 - w. What is the units digit of p?
6
Let i be 10/2 + (-3)/(-3). Suppose j = i - 7. What is the tens digit of 12 + 1 - (j - 0)?
1
What is the units digit of (-271 - 0)*(10 + -11)?
1
Let m(h) = -2*h**3 - 3*h**2 + h - 1. Let a be m(-3). Suppose -3*i - 5 = -a. What i